{"id":14,"date":"2021-04-19T17:50:44","date_gmt":"2021-04-19T17:50:44","guid":{"rendered":"https:\/\/miaulina.de\/?page_id=14"},"modified":"2021-09-04T23:27:17","modified_gmt":"2021-09-04T21:27:17","slug":"aus-der-dose","status":"publish","type":"page","link":"https:\/\/miaulina.de\/index.php\/aus-der-dose\/","title":{"rendered":"Diskografie"},"content":{"rendered":"\n<h1 class=\"wp-block-heading\">Diskografie<\/h1>\n\n\n\n<h2 class=\"wp-block-heading\">Systemexplosion (2021) <\/h2>\n\n\n\n<figure class=\"wp-block-image size-large\"><img loading=\"lazy\" decoding=\"async\" width=\"1024\" height=\"576\" src=\"https:\/\/miaulina.de\/wp-content\/uploads\/2021\/05\/vlcsnap-2021-05-01-19h36m54s913-1024x576.jpg\" alt=\"\" class=\"wp-image-133\" srcset=\"https:\/\/miaulina.de\/wp-content\/uploads\/2021\/05\/vlcsnap-2021-05-01-19h36m54s913-1024x576.jpg 1024w, https:\/\/miaulina.de\/wp-content\/uploads\/2021\/05\/vlcsnap-2021-05-01-19h36m54s913-300x169.jpg 300w, https:\/\/miaulina.de\/wp-content\/uploads\/2021\/05\/vlcsnap-2021-05-01-19h36m54s913-768x432.jpg 768w, https:\/\/miaulina.de\/wp-content\/uploads\/2021\/05\/vlcsnap-2021-05-01-19h36m54s913-1536x864.jpg 1536w, https:\/\/miaulina.de\/wp-content\/uploads\/2021\/05\/vlcsnap-2021-05-01-19h36m54s913.jpg 2048w\" sizes=\"auto, (max-width: 1024px) 100vw, 1024px\" \/><\/figure>\n\n\n\n<p><\/p>\n\n\n\n<p>Auf ihrem neuen Album <strong>Systemexplosion<\/strong> erheben die Musiker ihr Glas auf die Welt um es freudvoll an die n\u00e4chste Wand zu schmettern und dringlichst \u201eein neues System aufzubauen\u201c. Also suchen sie im BEI SICH SEIN rastlos nach Ruhe, um danach die PANDAB\u00c4RIN loszulassen oder mit einem LUFTSCHIFF abzuheben. Denn GLEICH AM ANDERN ENDE wartet die Angst. Doch Rettung naht: DIE KING bietet nachdr\u00fccklich ihre Hilfe an und bleibt doch unerh\u00f6rt, dabei w\u00e4re Hilfe und Schutz so sehr vonn\u00f6ten, und zwar vor autorit\u00e4ren B\u00e4ren mit F\u00dcHRUNGSQUALIT\u00c4TEN genauso wie vor einem ewigen SEUFZEN NACH MEHR.<\/p>\n\n\n\n<p>Und doch erhellt ein reiches Blinken, Flunkern und Flimmern den Raum. Eine freundliche Grundstimmung zieht sich durch das Album, ein Augenzwinkern, s\u00fc\u00dfe Hoffnung.<\/p>\n\n\n\n<figure class=\"wp-block-image size-large is-resized\"><img loading=\"lazy\" decoding=\"async\" src=\"https:\/\/miaulina.de\/wp-content\/uploads\/2021\/08\/cover-Album-1024x1024.jpg\" alt=\"\" class=\"wp-image-313\" width=\"399\" height=\"399\" srcset=\"https:\/\/miaulina.de\/wp-content\/uploads\/2021\/08\/cover-Album-1024x1024.jpg 1024w, https:\/\/miaulina.de\/wp-content\/uploads\/2021\/08\/cover-Album-300x300.jpg 300w, https:\/\/miaulina.de\/wp-content\/uploads\/2021\/08\/cover-Album-150x150.jpg 150w, https:\/\/miaulina.de\/wp-content\/uploads\/2021\/08\/cover-Album-768x768.jpg 768w, https:\/\/miaulina.de\/wp-content\/uploads\/2021\/08\/cover-Album-1536x1536.jpg 1536w, https:\/\/miaulina.de\/wp-content\/uploads\/2021\/08\/cover-Album-2048x2048.jpg 2048w\" sizes=\"auto, (max-width: 399px) 100vw, 399px\" \/><\/figure>\n\n\n\n<p>Wenn man f\u00fcr dieses zweite MIAULINA-Album eine musikalische Schublade \u00f6ffnen will, steht sicher ElektroPop drauf, auch wenn die Einfl\u00fcsse vielf\u00e4ltig sind und die Kl\u00e4nge und Rhythmen vielstimmig daherkommen: da folgt eine Hardcore-Adaption auf vertr\u00e4umte Synthesizerkl\u00e4nge, da legen fette Beats den Grundstein f\u00fcr einen feinen Satzgesang und perlende Gitarren folgen auf unversch\u00e4mt-orchestrale Streicher. Es scratcht und poltert und weint und gluckst. Und obwohl immer wieder Songs in tanzbaren Dancerhythmen daherkommen, schwingen zarte Melancholie und tiefe Sorge mit. Aber Vorsicht: \u201eSchublade auf, Schublade zu \u2013 das ist Schnee von gestern.\u201c<\/p>\n\n\n\n<p><\/p>\n\n\n\n<figure class=\"wp-block-embed is-type-video is-provider-youtube wp-block-embed-youtube wp-embed-aspect-16-9 wp-has-aspect-ratio\"><div class=\"wp-block-embed__wrapper\">\n<div class=\"suki-oembed suki-oembed-video\" style=\"padding-top: 56.228%;\"><iframe loading=\"lazy\" title=\"MIAULINA - Pandab\u00e4rin\" width=\"1140\" height=\"641\" src=\"https:\/\/www.youtube.com\/embed\/38mt-3tcaT8?feature=oembed\" frameborder=\"0\" allow=\"accelerometer; autoplay; clipboard-write; encrypted-media; gyroscope; picture-in-picture\" allowfullscreen><\/iframe><\/div>\n<\/div><\/figure>\n\n\n\n<figure class=\"wp-block-embed is-type-video is-provider-youtube wp-block-embed-youtube wp-embed-aspect-16-9 wp-has-aspect-ratio\"><div class=\"wp-block-embed__wrapper\">\n<div class=\"suki-oembed suki-oembed-video\" style=\"padding-top: 56.228%;\"><iframe loading=\"lazy\" title=\"MIAULINA - Frech sein\" width=\"1140\" height=\"641\" src=\"https:\/\/www.youtube.com\/embed\/7COT_h6xl5E?feature=oembed\" frameborder=\"0\" allow=\"accelerometer; autoplay; clipboard-write; encrypted-media; gyroscope; picture-in-picture\" allowfullscreen><\/iframe><\/div>\n<\/div><\/figure>\n\n\n\n<div style=\"height:85px\" aria-hidden=\"true\" class=\"wp-block-spacer\"><\/div>\n\n\n\n<h2 class=\"wp-block-heading\">Wir spielen Band (2007)<\/h2>\n\n\n\n<div class=\"wp-block-columns is-layout-flex wp-container-core-columns-is-layout-9d6595d7 wp-block-columns-is-layout-flex\">\n<div class=\"wp-block-column is-layout-flow wp-block-column-is-layout-flow\">\n<figure class=\"wp-block-image size-large\"><img loading=\"lazy\" decoding=\"async\" width=\"1024\" height=\"1016\" src=\"https:\/\/miaulina.de\/wp-content\/uploads\/2021\/05\/cover-wirspielenband-1024x1016.jpg\" alt=\"\" class=\"wp-image-62\" srcset=\"https:\/\/miaulina.de\/wp-content\/uploads\/2021\/05\/cover-wirspielenband-1024x1016.jpg 1024w, https:\/\/miaulina.de\/wp-content\/uploads\/2021\/05\/cover-wirspielenband-300x298.jpg 300w, https:\/\/miaulina.de\/wp-content\/uploads\/2021\/05\/cover-wirspielenband-150x150.jpg 150w, https:\/\/miaulina.de\/wp-content\/uploads\/2021\/05\/cover-wirspielenband-768x762.jpg 768w, https:\/\/miaulina.de\/wp-content\/uploads\/2021\/05\/cover-wirspielenband.jpg 1417w\" sizes=\"auto, (max-width: 1024px) 100vw, 1024px\" \/><\/figure>\n\n\n\n<h3 class=\"wp-block-heading\">H\u00f6rproben<\/h3>\n\n\n\n<figure class=\"wp-block-audio\"><audio controls src=\"https:\/\/miaulina.de\/wp-content\/uploads\/2021\/05\/03-Star-sein.mp3\"><\/audio><figcaption>Star sein<\/figcaption><\/figure>\n\n\n\n<figure class=\"wp-block-audio\"><audio controls src=\"https:\/\/miaulina.de\/wp-content\/uploads\/2021\/05\/05-Liegestuhl.mp3\"><\/audio><figcaption>Liegestuhl<\/figcaption><\/figure>\n\n\n\n<figure class=\"wp-block-audio\"><audio controls src=\"https:\/\/miaulina.de\/wp-content\/uploads\/2021\/05\/17-Zufall.mp3\"><\/audio><figcaption>Zufall<\/figcaption><\/figure>\n<\/div>\n\n\n\n<div class=\"wp-block-column is-layout-flow wp-block-column-is-layout-flow\">\n<p>1 Ich liebe Musik<br>2 Eisprinzessin<br>3 Star sein<br>4 Honolulu<br>5 Liegestuhl<br>6 Das baut mich auf<br>7 H\u00fcpf H\u00fcpf<br>8 Fliegen<br>9 Keine Angst<br>10 Magersuppe<br>11 Hullahupp<br>12 Regenjoppe<br>13 Charme ist weg<br>14 Vorbei<br>15 Ich bin lieb und gut und du bist b\u00f6se<br>16 Nochmal ran<br>17 Zufall<br>18 Wolf<br>19 Anti Anti<br>20 Sparen<br>21 Untergrund<br>22 Miaulina<br>23 Aufs Meer<\/p>\n<\/div>\n<\/div>\n","protected":false},"excerpt":{"rendered":"<p>Diskografie Systemexplosion (2021) Auf ihrem neuen Album Systemexplosion erheben die Musiker ihr Glas auf die Welt um es freudvoll an die n\u00e4chste Wand zu schmettern und dringlichst \u201eein neues System aufzubauen\u201c. Also suchen sie im BEI SICH SEIN rastlos nach Ruhe, um danach die PANDAB\u00c4RIN loszulassen oder mit einem LUFTSCHIFF abzuheben. Denn GLEICH AM ANDERN &hellip;<\/p>\n","protected":false},"author":1,"featured_media":59,"parent":0,"menu_order":0,"comment_status":"closed","ping_status":"closed","template":"","meta":{"footnotes":""},"class_list":["post-14","page","type-page","status-publish","has-post-thumbnail","hentry"],"_links":{"self":[{"href":"https:\/\/miaulina.de\/index.php\/wp-json\/wp\/v2\/pages\/14","targetHints":{"allow":["GET"]}}],"collection":[{"href":"https:\/\/miaulina.de\/index.php\/wp-json\/wp\/v2\/pages"}],"about":[{"href":"https:\/\/miaulina.de\/index.php\/wp-json\/wp\/v2\/types\/page"}],"author":[{"embeddable":true,"href":"https:\/\/miaulina.de\/index.php\/wp-json\/wp\/v2\/users\/1"}],"replies":[{"embeddable":true,"href":"https:\/\/miaulina.de\/index.php\/wp-json\/wp\/v2\/comments?post=14"}],"version-history":[{"count":38,"href":"https:\/\/miaulina.de\/index.php\/wp-json\/wp\/v2\/pages\/14\/revisions"}],"predecessor-version":[{"id":352,"href":"https:\/\/miaulina.de\/index.php\/wp-json\/wp\/v2\/pages\/14\/revisions\/352"}],"wp:featuredmedia":[{"embeddable":true,"href":"https:\/\/miaulina.de\/index.php\/wp-json\/wp\/v2\/media\/59"}],"wp:attachment":[{"href":"https:\/\/miaulina.de\/index.php\/wp-json\/wp\/v2\/media?parent=14"}],"curies":[{"name":"wp","href":"https:\/\/api.w.org\/{rel}","templated":true}]}}